{"id":26,"date":"2016-08-24T14:51:11","date_gmt":"2016-08-24T19:51:11","guid":{"rendered":"https:\/\/stuorgs.engineering.iastate.edu\/carc\/?page_id=26"},"modified":"2026-01-20T21:36:04","modified_gmt":"2026-01-21T03:36:04","slug":"officers","status":"publish","type":"page","link":"https:\/\/stuorgs.engineering.iastate.edu\/carc\/officers\/","title":{"rendered":"Officers"},"content":{"rendered":"<p><strong>President<\/strong>: Kees Van Oosbree (W\u00d8AAE), keesvan@iastate.edu<\/p>\n<p><strong>Vice President<\/strong>: William Roth (KF\u00d8RLZ), wmroth@iastate.edu<\/p>\n<p><strong>Advisors<\/strong>: Matthew Nelson (KB\u00d8MGQ), mnelson@iastate.edu; Dan Carlisle (W\u00d8UHF), carlisle@iastate.edu<\/p>\n<p><strong>Secretary<\/strong>: Dallas Tinoco (KO6HHI), acrobat1@iastate.edu<\/p>\n<p><strong>Shack Manager<\/strong>: William Roth (KF\u00d8RLZ), wmroth@iastate.edu<\/p>\n<p><strong>Repeater Chair<\/strong>: Jason Skretta (KC\u00d8EDE), jskretta@iastate.edu<\/p>\n<p><strong>Treasurer: <\/strong>Dallas Tinoco (KO6HHI), acrobat1@iastate.edu<\/p>\n<p><strong>Webmaster<\/strong>: Dallas Tinoco (KO6HHI), acrobat1@iastate.edu<\/p>\n<p>To request keycard access to the Coover Hall shack, please fill out a request to https:\/\/keys.ece.iastate.edu\/<\/p>\n<p>Last updated: 1\/20\/2026<\/p>\n","protected":false},"excerpt":{"rendered":"<p>President: Kees Van Oosbree (W\u00d8AAE), keesvan@iastate.edu Vice President: William Roth (KF\u00d8RLZ), wmroth@iastate.edu Advisors: Matthew Nelson (KB\u00d8MGQ), mnelson@iastate.edu; Dan Carlisle (W\u00d8UHF), carlisle@iastate.edu Secretary: Dallas Tinoco (KO6HHI), acrobat1@iastate.edu Shack Manager: William Roth (KF\u00d8RLZ), wmroth@iastate.edu Repeater Chair: Jason Skretta (KC\u00d8EDE), jskretta@iastate.edu Treasurer: Dallas Tinoco (KO6HHI), acrobat1@iastate.edu Webmaster: Dallas Tinoco (KO6HHI), acrobat1@iastate.edu To request keycard access to the Coover [&hellip;]<\/p>\n","protected":false},"author":994,"featured_media":0,"parent":0,"menu_order":0,"comment_status":"closed","ping_status":"closed","template":"","meta":{"jetpack_post_was_ever_published":false,"footnotes":""},"class_list":["post-26","page","type-page","status-publish","hentry"],"jetpack_sharing_enabled":true,"jetpack_shortlink":"https:\/\/wp.me\/P7OMin-q","_links":{"self":[{"href":"https:\/\/stuorgs.engineering.iastate.edu\/carc\/wp-json\/wp\/v2\/pages\/26","targetHints":{"allow":["GET"]}}],"collection":[{"href":"https:\/\/stuorgs.engineering.iastate.edu\/carc\/wp-json\/wp\/v2\/pages"}],"about":[{"href":"https:\/\/stuorgs.engineering.iastate.edu\/carc\/wp-json\/wp\/v2\/types\/page"}],"author":[{"embeddable":true,"href":"https:\/\/stuorgs.engineering.iastate.edu\/carc\/wp-json\/wp\/v2\/users\/994"}],"replies":[{"embeddable":true,"href":"https:\/\/stuorgs.engineering.iastate.edu\/carc\/wp-json\/wp\/v2\/comments?post=26"}],"version-history":[{"count":45,"href":"https:\/\/stuorgs.engineering.iastate.edu\/carc\/wp-json\/wp\/v2\/pages\/26\/revisions"}],"predecessor-version":[{"id":863,"href":"https:\/\/stuorgs.engineering.iastate.edu\/carc\/wp-json\/wp\/v2\/pages\/26\/revisions\/863"}],"wp:attachment":[{"href":"https:\/\/stuorgs.engineering.iastate.edu\/carc\/wp-json\/wp\/v2\/media?parent=26"}],"curies":[{"name":"wp","href":"https:\/\/api.w.org\/{rel}","templated":true}]}}